{"id":25,"date":"2020-07-14T23:48:05","date_gmt":"2020-07-14T21:48:05","guid":{"rendered":"http:\/\/honig.kreuzer.io\/?page_id=25"},"modified":"2021-01-12T01:11:59","modified_gmt":"2021-01-12T00:11:59","slug":"home","status":"publish","type":"page","link":"https:\/\/www.honig.kreuzer.io\/","title":{"rendered":""},"content":{"rendered":"\n<p class=\"has-text-align-center\">Willkommen auf den Seiten unserer Hobby-Imkerei &#8220;DEIN HONIG aus der Wetterau&#8221;.<\/p>\n\n\n\n<div class=\"divTable\" style=\"display: table; width: 100%;\">\n<div class=\"divTableBody\">\n<div class=\"divTableRow\" style=\"display: table-row;\">\n<div class=\"divTableCell\" style=\"display: table-cell; width: 60%; vertical-align: middle;\"><div style=\"display: inline-block; font-size: 2em; line-height: 1em;\"><img decoding=\"async\" src=\"https:\/\/www.honig.kreuzer.io\/wp-content\/themes\/g5_helium\/custom\/images\/2021\/01\/H.svg\" alt=\"H\"><\/div>onig dient dem Menschen bereits seit Jahrtausenden als ein begehrtes Nahrungsmittel. Zudem ist er besonders lecker. <a href=\"https:\/\/www.honig.kreuzer.io\/index.php\/home\/unserebienen\/\">Unsere Bienen<\/a> sind in der sch\u00f6nen Wetterau unterwegs und fliegen unerm\u00fcdlich von Bl\u00fcte zu Bl\u00fcte um den wertvollen Nektar f\u00fcr Deinen Honig aus der Wetterau zu sammeln.<\/div>\n<div class=\"divTableCell\" style=\"display: table-cell; width: 40%; vertical-align: middle;\"><img decoding=\"async\" src=\"https:\/\/www.honig.kreuzer.io\/wp-content\/uploads\/2021\/01\/honig.jpg\" alt=\"Honig\"><\/div>\n<\/div>\n<\/div>\n<\/div>\n<br>\n\n\n\n<div class=\"divTable\" style=\"display: table; width: 100%;\">\n<div class=\"divTableBody\">\n<div class=\"divTableRow\" style=\"display: table-row;\">\n<div class=\"divTableCell\" style=\"display: table-cell; width: 40%; vertical-align: middle;\"><img decoding=\"async\" src=\"https:\/\/www.honig.kreuzer.io\/wp-content\/uploads\/2021\/01\/biene.jpg\" alt=\"Honig\"><\/div>\n<div class=\"divTableCell\" style=\"display: table-cell; width: 60%; vertical-align: middle;\"><div style=\"display: inline-block; font-size: 2em; line-height: 1em;\"><img decoding=\"async\" src=\"https:\/\/www.honig.kreuzer.io\/wp-content\/themes\/g5_helium\/custom\/images\/2021\/01\/D.svg\" alt=\"D\"><\/div>ie Welt der Honigbienen hat jedoch auch noch viel mehr zu bieten \u2013 nicht zuletzt sind Honigbienen f\u00fcr die Best\u00e4ubung vielz\u00e4hliger Pflanzenarten verantwortlich und bilden zusammen mit ihren wild lebenden Artgenossen ein essenzielles Glied vieler \u00d6kosysteme. Aber auch f\u00fcr uns Menschen haben Honigbienen deutlich mehr als nur ihren Honig als wertvolles Gut zu bieten \u2013 durch vielf\u00e4ltige Produkte auf Basis der Erzeugnisse der Honigbienen l\u00e4sst sich unser Alltag bereichern.<\/div>\n<\/div>\n<\/div>\n<\/div>\n<br>\n\n\n\n<div class=\"divTable\" style=\"display: table; width: 100%;\">\n<div class=\"divTableBody\">\n<div class=\"divTableRow\" style=\"display: table-row;\">\n<div class=\"divTableCell\" style=\"display: table-cell; width: 60%; vertical-align: middle;\"><div style=\"display: inline-block; font-size: 2em; line-height: 1em;\"><img decoding=\"async\" src=\"https:\/\/www.honig.kreuzer.io\/wp-content\/themes\/g5_helium\/custom\/images\/2021\/01\/E.svg\" alt=\"E\"><\/div>rlebe selbst den besonderen Geschmack von unserem regionalen Honig und begleite uns auf diesen Seiten in die faszinierende Welt der Honigbienen!<\/div>\n<div class=\"divTableCell\" style=\"display: table-cell; width: 40%; vertical-align: middle;\"><img decoding=\"async\" src=\"https:\/\/www.honig.kreuzer.io\/wp-content\/uploads\/2021\/01\/Beute.jpg\" alt=\"Honig\"><\/div>\n<\/div>\n<\/div>\n<\/div>\n<br>\n\n\n\n<p class=\"has-text-align-center\">Melde dich bei uns f\u00fcr weitere Infos und zur Bestellung von Honig!<\/p>\n\n\n\n<div class=\"g-normlink\" style=\"text-align: center;\"><span class=\"fa fa-arrow-down\"><\/span><\/div>\n","protected":false},"excerpt":{"rendered":"<p>Willkommen auf den Seiten unserer Hobby-Imkerei &#8220;DEIN HONIG aus der Wetterau&#8221;. onig dient dem Menschen bereits seit Jahrtausenden als ein begehrtes Nahrungsmittel. Zudem ist er besonders lecker. Unsere Bienen sind in der sch\u00f6nen Wetterau unterwegs und fliegen unerm\u00fcdlich von Bl\u00fcte zu Bl\u00fcte um den wertvollen Nektar f\u00fcr Deinen Honig aus der Wetterau zu sammeln. ie [&hellip;]<\/p>\n","protected":false},"author":1,"featured_media":0,"parent":0,"menu_order":0,"comment_status":"closed","ping_status":"closed","template":"","meta":{"footnotes":""},"class_list":["post-25","page","type-page","status-publish","hentry"],"_links":{"self":[{"href":"https:\/\/www.honig.kreuzer.io\/index.php\/wp-json\/wp\/v2\/pages\/25","targetHints":{"allow":["GET"]}}],"collection":[{"href":"https:\/\/www.honig.kreuzer.io\/index.php\/wp-json\/wp\/v2\/pages"}],"about":[{"href":"https:\/\/www.honig.kreuzer.io\/index.php\/wp-json\/wp\/v2\/types\/page"}],"author":[{"embeddable":true,"href":"https:\/\/www.honig.kreuzer.io\/index.php\/wp-json\/wp\/v2\/users\/1"}],"replies":[{"embeddable":true,"href":"https:\/\/www.honig.kreuzer.io\/index.php\/wp-json\/wp\/v2\/comments?post=25"}],"version-history":[{"count":13,"href":"https:\/\/www.honig.kreuzer.io\/index.php\/wp-json\/wp\/v2\/pages\/25\/revisions"}],"predecessor-version":[{"id":267,"href":"https:\/\/www.honig.kreuzer.io\/index.php\/wp-json\/wp\/v2\/pages\/25\/revisions\/267"}],"wp:attachment":[{"href":"https:\/\/www.honig.kreuzer.io\/index.php\/wp-json\/wp\/v2\/media?parent=25"}],"curies":[{"name":"wp","href":"https:\/\/api.w.org\/{rel}","templated":true}]}}